4 = 3*c + 2*u - u. Calculate the highest common factor of c and k.
15
Let q be (18/24)/((-6)/(-88)). What is the highest common divisor of 77 and q?
11
Let c(i) = 5*i + 9. Let m be c(3). What is the highest common divisor of m and 8?
8
Let r be (30/(-4))/(4/8). Let v be 34/4 + r/10. Suppose -92 = -v*t + 3*t. What is the greatest common factor of t and 69?
23
Let f = -1 - -25. What is the highest common divisor of 8 and f?
8
Let k be ((-1)/1)/((-2)/84). Suppose 5*a = 2*a + 84. Calculate the greatest common factor of k and a.
14
Let m(g) = 3*g - 1. Let d be m(2). Suppose h - 254 = -2*h - 5*y, 436 = d*h + 2*y. Let t be (16/(-2))/((-4)/h). Calculate the greatest common factor of t and 16.
16
Suppose 3 - 1 = 2*s. Let v be s/4 + (-429)/(-12). Calculate the highest common factor of 24 and v.
12
Let m = -6 - -11. Let n(j) = 34*j + 6. Let z be n(m). Suppose -17 - 71 = -4*w. What is the greatest common factor of w and z?
22
Let t(x) = -2*x**2. Let h be t(1). Let q be (-49)/h - (-3)/(-6). Suppose -2 = -4*n + 3*r - 5, -5*n = -5*r + 10. What is the highest common divisor of q and n?
3
Let x = -29 + 41. Let s be ((-2)/3)/(2/(-15)). Let p(l) = 6*l. Let h be p(s). Calculate the greatest common divisor of x and h.
6
Let a be (-87)/(-18) + (-1)/(-6). Suppose f = a*l + 2*f - 18, 0 = 4*f + 8. Suppose -l*c + 8*c = 144. What is the highest common factor of 12 and c?
12
Let g be 136/(-6)*12/8. Let t = g + 80. Calculate the highest common divisor of 23 and t.
23
Let w(x) = x**2 - 3*x + 6. Let p be w(6). Let h be -4*(5/2 - 2). Let u be 200/35 + h/(-7). Calculate the greatest common factor of p and u.
6
Let r(g) = 24*g. Let f be r(-1). Let l = -14 - f. What is the greatest common divisor of l and 90?
10
Let g = -2 - 4. Let z be 6 + g - (0 - 0). Suppose z*t - 4*t = -72. What is the highest common factor of 9 and t?
9
Let x be (3 + -3)/(-1 - 1). Suppose 4*j - 2*v = -92, -5*j + v - 140 + 22 = x. Let a = 52 + j. What is the highest common divisor of 4 and a?
4
Let l be 4/(-3 - 101/(-33)). What is the highest common divisor of l and 6?
6
Let o be -1 - (0 - 18)/2. Suppose 3*r - o = r. Suppose -2*d + r*t = -4, 4*d - 26 = -0*d + 2*t. Calculate the greatest common factor of d and 12.
4
Let f = -49 - 7. Let r = -10 - f. Suppose 44 = u - r. Calculate the highest common factor of u and 36.
18
Let h(o) = -13*o**3 - o**2 - 2*o. Let k be h(-1). Calculate the highest common factor of 7 and k.
7
Let g = 219 - 149. Calculate the greatest common divisor of 10 and g.
10
Suppose 10*u - 4*u - 6 = 0. Calculate the greatest common factor of u and 11.
1
Suppose -2*o + 62 = 4*w, 3*w - 53 = -0*w + 5*o. Calculate the greatest common factor of w and 144.
16
Let z(y) = -2*y + 33. Let m be z(-7). Calculate the highest common factor of 329 and m.
47
Suppose 4*z + 7 = -9, 5*w - 5*z - 35 = 0. Suppose w*i - 405 = -0*i. What is the greatest common divisor of 15 and i?
15
Suppose 0 = 2*b + 11 + 31. Let m = b - -6. Let g = 63 + m. What is the greatest common divisor of g and 32?
16
Let f(h) = -119*h**2 - 4*h - 3. Let x be f(-2). Let u = 9 + -5. Let d be x/(-12) + 3/u. What is the highest common divisor of 8 and d?
8
Suppose 52 + 35 = 3*w + 2*l, l + 105 = 4*w. Calculate the greatest common divisor of 36 and w.
9
Let v(y) = 34*y. Let h be v(2). What is the highest common factor of h and 17?
17
Let x(c) = 2*c - 7*c - 3 - 3 + 2 + 4*c**2. Let d be x(4). Calculate the greatest common divisor of d and 8.
8
Let m(n) = n**2 + n + 21. Let x be m(0). Let z be (2/5)/(2/210). Calculate the greatest common divisor of x and z.
21
Suppose -2*q = -37 - 7. Suppose -q*o + 23*o = 24. Let d = -7 + 10. What is the greatest common divisor of d and o?
3
Let p be (-2)/(-3*(-3)/(-18)). What is the highest common factor of p and 2?
2
Suppose -2*n + 14 = -5*i, -5*n + i + i = -14. What is the greatest common divisor of 18 and n?
2
Suppose 4 = 2*v - 2. Let w = v - -4. What is the highest common factor of 1 and w?
1
Let b be 6/15 + (-32)/5. Let y be (-6)/(-9) - 44/b. Suppose 32 = v - 2*m, -4*v + 128 = -3*m + m. What is the highest common factor of v and y?
8
Suppose 3*p - 12 = 0, 5*j = 4*p - 7 - 369. Let q be (j/(-28))/((-6)/(-28)). Calculate the highest common factor of q and 8.
4
Suppose 3*x + x - 50 = 2*f, 4*f = 2*x - 34. Let q(w) = -w + 4. Let s be q(-7). Calculate the greatest common divisor of x and s.
11
Suppose 2*h - 220 = 32. Calculate the highest common factor of h and 18.
18
Suppose 5*n - 17 = -7*y + 3*y, 3*n - 2*y = 19. Let w(g) = 3*g**2 + 1. Let l be w(-1). Let p be (2/l)/(2/140). What is the greatest common divisor of n and p?
5
Suppose -3*l - 213 = -3*m, -3*m + 205 = -0*m + 5*l. Suppose 6*c - 19 - 17 = 0. Let u be 3/c*2*m. What is the greatest common factor of u and 7?
7
Let u be 4/22 - (-1672)/121. What is the highest common divisor of u and 2?
2
Suppose -4*u = -n + 15, -2*n + u + 3 = 2*u. Suppose m - n*m + 96 = 0. Suppose p = t + 18, -2*t + 4 - 8 = 0. Calculate the highest common factor of p and m.
16
Let k(m) = -14*m + 12. Let n be k(-6). What is the highest common factor of 6 and n?
6
Let s be 0 - 3*100/(-6). Suppose 4*c - 58 = -18. Calculate the greatest common factor of c and s.
10
Suppose -3*p - 190 = -8*p. What is the highest common factor of p and 95?
19
Suppose 5*v - 2*v - 6 = 0. Let p be (v/(-2))/((-2)/28). What is the highest common factor of 154 and p?
14
Suppose -3*o = -2*l - 2*l - 20, 0 = -3*o + 2*l + 16. What is the highest common factor of o and 6?
2
Suppose 3*r - r - 6 = 0. Suppose -r*m - 179 = -707. Suppose 0 = a - 38 + 16. Calculate the highest common factor of m and a.
22
Let s(z) = z**3 + 10*z**2 + 11*z + 13. Let r be s(-6). What is the highest common factor of 13 and r?
13
Let t(r) = r**2 - 6*r - 7. Let c = 3 + -9. Let n be t(c). What is the highest common factor of 26 and n?
13
Let k be 4/6*855/6. Suppose 4*q + q - 95 = -4*f, f + k = 5*q. What is the highest common factor of q and 38?
19
Suppose 3*v + 3*n = 16 - 1, 5*n - 17 = 3*v. Let l be (-1*1)/(v/3). Let m be l/(3 + 0)*-10. What is the highest common factor of m and 20?
10
Suppose 4*d - k - 290 = d, -d = -3*k - 102. Suppose h + 0*h - 17 = 5*r, 0 = -h + 2*r + 14. What is the greatest common divisor of h and d?
12
Let o be -2 - (1 - 3) - -1. Let k = o + 11. What is the highest common divisor of k and 96?
12
Let v(z) = z + 2. Let g be v(2). Suppose -264 = -g*u - 0*u. Calculate the greatest common factor of u and 6.
6
Let m(l) = l**2 - 4*l - 6. Suppose -3*z - 7 = -28. Let h = z - 1. Let y be m(h). Calculate the greatest common factor of y and 42.
6
Let h be (-1)/(2/(-106)) + 2. Let b be (2/4)/(2/44). Calculate the greatest common divisor of h and b.
11
Let n be (-1)/4 - (-121)/4. What is the greatest common factor of 45 and n?
15
Let t(i) = -i**3 - i**2 - i - 2. Let p be t(-2). Let v = 5 - p. Suppose -2*y = -7*y + 15. What is the highest common divisor of y and v?
1
Let k be 40/(-24)*18/(-5). Calculate the highest common divisor of 54 and k.
6
Suppose -2 = -5*s + 13. Suppose -4 = c + 3*h, 3*h + h = s*c - 53. What is the highest common divisor of 1 and c?
1
Let c = 5 - 3. Suppose 6*d = c*d + 32. Calculate the greatest common divisor of 32 and d.
8
Suppose 4*b + 2*j + 0 = -2, -j + 1 = 3*b. Let p be (-8)/(-6)*(-27)/(-2). What is the highest common factor of p and b?
2
Let p(l) = -15*l**2. Let f be p(2). Let v be ((-16)/20)/(8/f). What is the highest common divisor of v and 4?
2
Let b(h) be the third derivative of h**5/60 + h**4/24 + h**3/6 - 5*h**2. Let c be b(-2). Calculate the greatest common factor of 18 and c.
3
Suppose 2*c = -l + 2*l - 8, -3*c + 69 = 3*l. Suppose 2 = -0*b + b. Let t be 66/l - b/3. What is the highest common divisor of t and 6?
3
Let z(u) = 4*u**2 - 4*u**2 - 2*u**2 - 13*u - 4 + u**2. Let n be z(-11). What is the greatest common divisor of 9 and n?
9
Let g be (-312)/(-4)*((-40)/(-6))/5. Calculate the greatest common factor of g and 13.
13
Suppose 0 = 2*s + 4*i - 328, 4*s + 6*i = 4*i + 656. What is the highest common divisor of 41 and s?
41
Let k(p) = p**3 - 2*p**2 + 3*p - 1. Let m be k(2). Let n = -6 - -31. What is the highest common factor of n and m?
5
Let c(f) = -f**3 + f**2 + 6*f - 1. Let d be c(-5). Let y = d - 38. Let t(q) = -q**2 + 11*q - 9. Let x be t(9). What is the highest common divisor of x and y?
9
Let i = 125 - 55